16
Calculate the greatest common divisor of 96 and 20538546.
6
Calculate the greatest common divisor of 89864697 and 351.
39
What is the highest common factor of 271812708 and 20235?
4047
Calculate the greatest common factor of 923057 and 1255710.
2203
What is the greatest common factor of 51231292 and 762?
254
What is the greatest common factor of 4173 and 108121?
13
What is the greatest common divisor of 6426 and 19414?
34
Calculate the greatest common factor of 329796 and 612.
36
Calculate the greatest common factor of 1 and 47518973.
1
What is the highest common factor of 98 and 1985914?
14
What is the highest common divisor of 3467509 and 14865?
991
Calculate the highest common divisor of 3471295 and 135.
5
What is the greatest common factor of 280021 and 2622949?
2569
Calculate the greatest common factor of 1836592 and 77009.
1453
What is the greatest common factor of 58056 and 13407?
123
Calculate the highest common factor of 68306 and 16954.
98
Calculate the greatest common factor of 22869504 and 121856.
3584
Calculate the greatest common factor of 353934 and 578088.
126
What is the greatest common factor of 20043312 and 96?
48
Calculate the highest common divisor of 11910822 and 1524.
762
Calculate the highest common divisor of 151196176 and 16.
16
Calculate the greatest common divisor of 186754269 and 104.
13
What is the greatest common divisor of 4550 and 2972606?
182
Calculate the greatest common factor of 3157574 and 574.
574
Calculate the greatest common factor of 1411 and 32847582.
83
What is the greatest common factor of 59463 and 128882749?
6607
What is the highest common divisor of 221 and 1997653?
17
What is the highest common factor of 17596 and 98156?
212
Calculate the highest common divisor of 7294 and 11402.
2
What is the greatest common divisor of 42672 and 11004?
84
What is the highest common factor of 492 and 668218?
82
Calculate the highest common factor of 18642456 and 28952.
2632
What is the highest common divisor of 14380 and 741900?
20
What is the highest common factor of 207488 and 439109448?
12968
Calculate the highest common divisor of 9065 and 2353519.
49
Calculate the greatest common factor of 106934926 and 11096.
2774
What is the greatest common factor of 1022934 and 103576?
242
What is the highest common divisor of 409564560 and 22320?
7440
What is the greatest common factor of 8628 and 4132?
4
Calculate the highest common divisor of 27030283 and 38027.
3457
Calculate the highest common divisor of 20085 and 373685.
65
What is the greatest common factor of 2556216 and 66456?
936
Calculate the highest common factor of 83247642 and 18.
18
Calculate the highest common factor of 7425000 and 389070.
2970
What is the highest common divisor of 16985100 and 400?
100
Calculate the greatest common divisor of 6712 and 131456198.
1678
What is the greatest common factor of 235548872 and 26299?
3757
Calculate the greatest common factor of 145 and 12611781.
29
Calculate the highest common divisor of 66299009 and 6027.
2009
Calculate the greatest common factor of 2703775 and 40.
5
What is the highest common factor of 350842723 and 1463?
77
What is the highest common divisor of 5795 and 5012370?
305
What is the highest common divisor of 3846249 and 2629?
11
What is the greatest common divisor of 81057 and 4018?
41
Calculate the greatest common factor of 338 and 146868.
2
Calculate the greatest common factor of 8096 and 541673.
253
Calculate the greatest common factor of 578398216 and 88.
88
Calculate the greatest common factor of 177542972 and 12.
4
What is the highest common factor of 68372326 and 22?
22
What is the greatest common divisor of 15117252 and 1892?
172
What is the highest common factor of 1337313784 and 626?
626
What is the highest common factor of 2561376 and 1884?
12
Calculate the highest common divisor of 28231856 and 24.
8
Calculate the greatest common factor of 105 and 24316170.
15
What is the greatest common factor of 19395231 and 3?
3
What is the greatest common divisor of 9672348 and 66444?
9492
Calculate the highest common divisor of 790340 and 125.
5
What is the highest common divisor of 8520 and 35961855?
1065
Calculate the highest common divisor of 10964647 and 1817.
79
What is the greatest common divisor of 6400 and 3860800?
1600
What is the greatest common factor of 8120 and 5011895?
35
Calculate the highest common factor of 288085 and 3115.
35
Calculate the greatest common divisor of 3674 and 37763.
11
What is the greatest common factor of 4427695 and 6633?
67
What is the greatest common divisor of 687 and 48874325?
229
What is the greatest common divisor of 1022949 and 89829?
81
What is the highest common factor of 169 and 8821839?
13
What is the highest common factor of 9796 and 762508?
316
What is the highest common factor of 1186820 and 200?
20
What is the greatest common factor of 21960 and 68967576?
4392
What is the highest common divisor of 20420210 and 10?
10
Calculate the highest common divisor of 124 and 51963316.
124
Calculate the greatest common factor of 35084952 and 48.
24
What is the highest common divisor of 20752 and 34096?
16
Calculate the greatest common divisor of 141312 and 1222128.
1104
What is the greatest common divisor of 4650 and 2048730?
30
Calculate the highest common divisor of 32413275 and 142.
71
Calculate the highest common divisor of 2379 and 315705.
39
Calculate the greatest common divisor of 68765022 and 18.
18
What is the greatest common divisor of 593325 and 247585?
1465
What is the highest common factor of 18192 and 5766624?
48
Calculate the highest common factor of 46990 and 182245.
635
Calculate the greatest common divisor of 150199 and 1062371.
499
Calculate the highest common factor of 276 and 15604488.
276
What is the greatest common divisor of 11979 and 18558?
9
What is the greatest common divisor of 24 and 56487128?
8
Calculate the greatest common divisor of 244 and 84984041.
61
What is the greatest common factor of 1158564 and 1650?
66
What is the highest common factor of 1489796 and 8?
4
What is the highest common divisor of 4393 and 29188429?
191
Calculate the highest common factor of 428241 and 5853045.
627
What is the highest common divisor of 2853 and 430138251?
2853
What is the greatest common factor of 2277 and 654741?
207
Calculate the greatest common factor of 194 and 19099882.
194
Calculate the highest common divisor of 507 and 54906241.
169
Calculate the highest common factor of 711800 and 5450.
50
Calculate the highest common factor of 2481 and 389669995.
827
What is the greatest common divisor of 126157575 and 3150?
75
What is the highest common divisor of 95271519 and 42?
21
What is the greatest common divisor of 221 and 24896443?
13
What is the greatest common divisor of 1340040 and 585?
195
What is the greatest common divisor of 167157650 and 4855?
4855
Calculate the highest common factor of 1105412 and 35211.
1067
Calculate the greatest common factor of 40622 and 13490.
38
Calculate the highest common divisor of 21555849 and 669.
669
What is the greatest common factor of 4486776 and 4032?
168
Calculate the greatest common factor of 10565181 and 297.
297
Calculate the greatest common factor of 16951531 and 1834.
131
What is the highest common factor of 19334107 and 1352?
169
Calculate the greatest common divisor of 229011509 and 6962.
3481
What is the highest common divisor of 2316 and 43974857?
193
Calculate the highest common divisor of 936724446 and 408.
102
Calculate the highest common factor of 4623 and 5189352.
69
What is the greatest common factor of 1636173 and 7315?
77
Calculate the greatest common factor of 899712 and 105648.
3408
What is the highest common divisor of 146243 and 222697?
43
Calculate the highest common factor of 22 and 6769631.
11
Calculate the highest common divisor of 1209 and 13359047.
403
What is the greatest common factor of 60 and 13471620?
60
Calculate the greatest common factor of 18152 and 27457169.
2269
What is the greatest common divisor of 5900610 and 240?
30
What is the highest common factor of 16428641 and 182491?
4451
What is the highest common factor of 6775 and 1864925?
25
Calculate the greatest common divisor of 29882408 and 8.
8
What is the highest common factor of 626661246 and 564?
2